2
Suppose 0*f + 36 = 6*f. Calculate the greatest common divisor of 66 and f.
6
Let m(v) = -v**3 - 8*v**2 + 2*v - 4. Suppose 3*f - 8 = 4*f. Let h be m(f). Let t be (-20)/(-6)*(-144)/h. Calculate the highest common factor of 3 and t.
3
Let x(m) = -m**2 - 8*m - 6. Let d be x(-6). What is the highest common divisor of 42 and d?
6
Suppose -1791 + 125 = -7*f. What is the highest common factor of 34 and f?
34
Suppose -12 - 6 = m + k, -3*k + 31 = -2*m. Let c = m - -24. Suppose 5*u + 10 = 0, 4*u - 3 + 25 = v. What is the greatest common factor of v and c?
7
Suppose 2*g + 72 = 5*g. Let a(o) = -o**3 - o**2 + 6. Let z be a(0). Let y be (-8)/3*(-135)/z. Calculate the greatest common factor of g and y.
12
Suppose 4*u = 9*u. Suppose -5*z + 4 = 3*p - 1, u = -5*p - 2*z + 40. What is the highest common factor of p and 50?
10
Let z = 2 + -2. Suppose -590 = -z*o + 5*o. Let i = 199 + o. What is the greatest common factor of 9 and i?
9
Let g be 8*3/(-15)*55/(-2). What is the highest common factor of 110 and g?
22
Suppose -5*n + 4*y = 26 - 0, y - 11 = 2*n. Let m be 4/n + (-141)/(-9). Calculate the greatest common factor of m and 30.
15
Suppose 2*m - 13 = -3*n, m - 3*m = -2*n - 18. Calculate the greatest common factor of 8 and m.
8
Let u(o) = 2*o**3 - o**2 - 2*o + 3. Let s be u(3). What is the greatest common factor of 6 and s?
6
Let t(d) = -5*d + 3. Let w(g) = -19*g + 12. Let c(z) = -22*t(z) + 6*w(z). Let y be c(-9). Calculate the greatest common divisor of 28 and y.
14
Suppose 0*o + 4 = -2*o. Let l be (5/4)/((-1)/(-4)). Let u = l + o. Calculate the highest common factor of u and 33.
3
Suppose -4*h - 1975 = 5*q, -2*h + q = 593 + 412. Let n be (4/5)/((-8)/h). Let x = -10 + 15. Calculate the highest common divisor of x and n.
5
Let t(i) = 24*i - 9. Let p be t(3). Suppose -b + 22 + 7 = -3*s, p = 3*b - s. What is the greatest common factor of 5 and b?
5
Suppose i = 58 - 12. Calculate the greatest common factor of i and 115.
23
Let n(w) = -3*w + 15. Let b be n(-13). Let t be (-2 - -2) + 5 - -1. Calculate the greatest common factor of t and b.
6
Let d be 43 + -1 - 39/(-13). What is the highest common factor of d and 5?
5
Let a(o) = o**3 - 5*o**2 - 5*o - 8. Let d be a(6). Let y = d + 33. Suppose -2*l + 0*l - r = -38, 3*l - 5*r = y. Calculate the highest common factor of l and 85.
17
Let v = 7 + -4. Suppose v*o = 2*o + 168. What is the greatest common factor of 24 and o?
24
Let y = 2 + -2. Suppose 4 = p - f - y, 12 = 3*p - 2*f. Calculate the highest common factor of 4 and p.
4
Suppose 2*c + 54 = -w + 3*w, 3*w = -2*c + 56. Calculate the highest common factor of 22 and w.
22
Let d(g) = -g**3 + 2*g**2 + 4. Let o be d(3). Let m(i) = -i**3 - 4*i**2 + 2*i - 4. Let s be m(o). Calculate the highest common factor of 11 and s.
11
Let f(y) = y + 7. Let k be f(-5). Let g be (1 + 1)/(k/(-43)). Let t = 67 + g. Calculate the greatest common divisor of t and 6.
6
Let z(w) = 3*w - 6. Let p be z(9). Let u = -13 + p. What is the greatest common factor of 72 and u?
8
Let z = -11 + 15. Let j(o) = 3 + 4 - 3*o - 3. Let h be j(-4). What is the highest common divisor of z and h?
4
Let b be -3 - ((-3)/(-4)*4 - 110). Calculate the greatest common divisor of b and 8.
8
Let h be 0 - 3/(3/(-200)). Suppose 5 = c + 3. Suppose c*r - 18 = 22. Calculate the greatest common factor of r and h.
20
Let s = 33 - 1. Suppose 0 = -4*a + 13 + 19. What is the highest common factor of a and s?
8
Let c = 141 + -71. What is the highest common factor of c and 10?
10
Let b = -90 + 132. Calculate the highest common divisor of b and 126.
42
Suppose -o + 0 = 4. Let z(f) = f**3 + 5*f**2 + 2*f + 1. Let b be z(o). Suppose 5*s = t + b + 3, t + s = 12. Calculate the greatest common factor of t and 24.
8
Suppose -2*y - 90 = -m - 4*m, 0 = -3*y - 15. Let w(u) = -176*u. Let n be w(-1). Calculate the highest common factor of n and m.
16
Let c(z) be the third derivative of 7*z**5/60 - z**4/24 + 2*z**2. Let q be c(-1). Let w = 31 + 9. Calculate the highest common divisor of q and w.
8
Let j be (0 - -1)/(-1 - 55/(-54)). What is the greatest common factor of 81 and j?
27
Suppose h = -3*h + 24. What is the greatest common divisor of h and 2?
2
Let v(f) = -f + 18. Let y be v(11). Let w(q) = q**3 - 7*q**2 + 9. Let b be w(y). What is the greatest common divisor of 99 and b?
9
Suppose 11*n - 128 = 70. What is the greatest common divisor of 9 and n?
9
Let v(n) = n**2 - 12*n + 14. Let i be v(11). Suppose -28 = -i*b + b. Calculate the greatest common factor of 98 and b.
14
Let d = -120 + 138. Let i(y) = -y + 3. Let c be i(5). Let x be (-94)/c + -1*2. Calculate the greatest common factor of x and d.
9
Let d(r) = -5*r**3 - 3*r**2 + 2*r - 2. Let b be d(-2). What is the greatest common factor of 22 and b?
22
Suppose 42*a - 41*a = 48. Calculate the greatest common factor of 6 and a.
6
Let w be 159/1 - (0 + -1). Suppose 5*v - 11*m = -13*m + 98, -2*m = 2. Calculate the highest common divisor of w and v.
20
Let l be 510/(-3) - 1*-3. Let f = 75 - l. What is the greatest common divisor of f and 22?
22
Let r be (-56 + 4)*(-2)/4. What is the greatest common factor of r and 130?
26
Suppose -6*p - 11*p = -17. Suppose -11 = -2*k - 3. Calculate the greatest common divisor of p and k.
1
Let j = 93 + -23. Suppose -84 = -a + j. Let d(b) = b**3 + 6*b**2 + b - 6. Let m be d(-5). What is the greatest common factor of m and a?
14
Suppose -1605 = -2*j + 5163. Let g be (-4)/(-14) - j/(-14). What is the greatest common factor of 22 and g?
22
Let i be ((-90)/(-25))/(3*(-2)/(-180)). Let r be (-1)/((-2)/24*1). What is the greatest common divisor of r and i?
12
Let r(l) = -2*l**2 - 4*l + 7. Let b be r(-3). What is the highest common factor of b and 7?
1
Suppose -4*s + 4*m - 2*m = 54, -4*s = -m + 59. Let l = -8 - s. What is the greatest common divisor of l and 32?
8
Let i(h) = -61*h. Let w be i(-1). Suppose 3*y - w - 64 = -5*q, -3*q = 5*y - 91. Calculate the greatest common factor of q and 66.
22
Let q(d) = 2*d**2 + 3*d - 8. Let n = -9 + 5. Let x be q(n). Calculate the highest common divisor of x and 36.
12
Suppose 88 = 5*u + k, k + 26 = u - 3*k. Let y be 1760/u - 2/(-9). What is the greatest common factor of 14 and y?
14
Let l(c) = c**2 + c. Let b be l(-1). Suppose b*k + 65 = k. Let h be -1 + 1 - 0 - -13. Calculate the highest common factor of h and k.
13
Let c = -45 - -69. Suppose n - 13 - 4 = 5*k, -2*n - k = -23. Calculate the highest common divisor of c and n.
12
Let b = 10 - 19. Let a be (-6)/(-27) - 349/b. Let f = -20 + a. What is the greatest common divisor of 19 and f?
19
Let s(w) = 3*w**2 + 6 - 5*w**2 + 18*w + 4*w**2. Let d be s(-13). What is the highest common divisor of 10 and d?
10
Let l(k) = 2*k**2 - 3*k + 1. Let s be l(3). Suppose 2*j = 9 + 11. What is the highest common factor of j and s?
10
Suppose -3*k + 2 = -k. Suppose -7*x = -3*x - 32. What is the greatest common factor of x and k?
1
Suppose -3*q + 8 - 29 = 0. Let s be -6*((-12)/(-4) + q). Calculate the highest common factor of 24 and s.
24
Let f = -5 - -12. Calculate the highest common factor of 63 and f.
7
Suppose 0 = -0*l + 2*l - 2. Let q(k) = -42*k + 1. Let m be q(l). Let r = m + 77. Calculate the greatest common divisor of 12 and r.
12
Let a(x) = 2*x + 4. Let c be a(3). Let u(l) = -l**2 - 6*l - 1. Let g be u(-6). Let q be g/(-3) - 148/(-6). What is the highest common factor of c and q?
5
Suppose -6*r + r + 120 = 0. Calculate the greatest common factor of r and 12.
12
Suppose 2 = s - 6. Calculate the highest common divisor of s and 2.
2
Let y be 5 - ((-3)/3 + 0). Let c = 3 - y. Let h be (-11)/c - (-4)/12. Calculate the highest common factor of 20 and h.
4
Suppose 0 = 4*b - 7*b + 12. What is the greatest common divisor of 8 and b?
4
Let t be -2*10/(-8)*2. Suppose -5*y = -t*n + 45, n + 0*n = 4*y. What is the greatest common factor of n and 12?
12
Suppose 0 = -3*h - 30 + 3. Let q be 3/h - (-422)/6. Calculate the greatest common divisor of q and 28.
14
Suppose -3*v + 65 = -g + 6, -2*v + 45 = 5*g. What is the highest common factor of v and 100?
20
Suppose -k = -o + 5*o - 24, 5*k + 2*o - 30 = 0. Suppose -k*x + 42 + 30 = 0. Calculate the greatest common factor of 9 and x.
9
Let v = 122 + -96. What is the highest common divisor of 91 and v?
13
Suppose -9 = -0*y - 3*y. Suppose 5*x - y = 12. Calculate the high